{"id":58,"date":"2014-03-03T20:20:46","date_gmt":"2014-03-03T18:20:46","guid":{"rendered":"http:\/\/my-proweb.de\/wordpress\/?page_id=58"},"modified":"2021-10-21T08:07:27","modified_gmt":"2021-10-21T07:07:27","slug":"grabmale-fuer-friedhof","status":"publish","type":"page","link":"https:\/\/www.marmor-schauz.de\/?page_id=58","title":{"rendered":"Grabmale f\u00fcr Friedhof"},"content":{"rendered":"<p>Wir finden f\u00fcr Sie zusammen das perfekte Grabmal f\u00fcr ihre Verstorbenen.<\/p>\n<p>\u00dcber 80 verschiedene Steine warten in unserer Ausstellung auf sie.<\/p>\n<p>Es sind so viele verschiedene Formen und Farben m\u00f6glich, dass das eigene Lager nie gro\u00df genug sein kann weshalb wir mit Ihnen zusammen den f\u00fcr Sie passenden Stein entwickeln.<\/p>\n<p>Von der ersten Skizze\u00a0\u00a0\u00a0\u00a0\u00a0\u00a0\u00a0\u00a0\u00a0\u00a0\u00a0\u00a0 \u00a0 \u00a0 \u00a0 \u00fcber die Herstellung\u00a0\u00a0\u00a0\u00a0\u00a0\u00a0\u00a0\u00a0\u00a0\u00a0 \u00a0 \u00a0 \u00a0 \u00a0 bis hin zum fertigen Stein stehen wir ihnen zur Seite!<\/p>\n<p><a href=\"http:\/\/marmor-schauz.de\/wp-content\/uploads\/2014\/03\/skizze.jpg\" rel=\"rel=\u201dlightbox[uniqueID|filename]\u201d\"><img loading=\"lazy\" decoding=\"async\" class=\"alignnone wp-image-61 size-thumbnail\" src=\"https:\/\/www.marmor-schauz.de\/wp-content\/uploads\/2014\/03\/skizze-150x150.jpg\" alt=\"skizze\" width=\"150\" height=\"150\" \/><\/a>\u00a0 \u00a0 \u00a0 \u00a0 \u00a0 \u00a0 <a href=\"https:\/\/www.marmor-schauz.de\/wp-content\/uploads\/2014\/03\/schrifthauen.jpg\" rel=\"rel=\u201dlightbox[uniqueID|filename]\u201d\"><img loading=\"lazy\" decoding=\"async\" class=\"alignnone wp-image-607 size-thumbnail\" src=\"https:\/\/www.marmor-schauz.de\/wp-content\/uploads\/2014\/03\/schrifthauen-150x150.jpg\" alt=\"schrifthauen\" width=\"150\" height=\"150\" \/><\/a><a href=\"https:\/\/www.marmor-schauz.de\/wp-content\/uploads\/2014\/03\/bearbeitung.jpg\" rel=\"rel=\u201dlightbox[uniqueID|filename]\u201d\"><img loading=\"lazy\" decoding=\"async\" class=\"alignnone wp-image-59 size-thumbnail\" src=\"https:\/\/www.marmor-schauz.de\/wp-content\/uploads\/2014\/03\/bearbeitung-150x150.jpg\" alt=\"bearbeitung\" width=\"150\" height=\"150\" \/><\/a>\u00a0\u00a0 \u00a0 \u00a0 \u00a0 \u00a0\u00a0 <a href=\"http:\/\/marmor-schauz.de\/wp-content\/uploads\/2014\/03\/fertig.jpg\" rel=\"rel=\u201dlightbox[uniqueID|filename]\u201d\"><img loading=\"lazy\" decoding=\"async\" class=\"alignnone wp-image-60 size-thumbnail\" src=\"https:\/\/www.marmor-schauz.de\/wp-content\/uploads\/2014\/03\/fertig-150x150.jpg\" alt=\"fertig\" width=\"150\" height=\"150\" \/><\/a><\/p>\n<p><a href=\"https:\/\/www.marmor-schauz.de\/wp-content\/uploads\/2014\/03\/WP_20140417_004.jpg\" rel=\"rel=\u201dlightbox[uniqueID|filename]\u201d\"><img loading=\"lazy\" decoding=\"async\" class=\"alignnone wp-image-203 size-thumbnail\" src=\"https:\/\/www.marmor-schauz.de\/wp-content\/uploads\/2014\/03\/WP_20140417_004-150x150.jpg\" alt=\"WP_20140417_004\" width=\"150\" height=\"150\" srcset=\"https:\/\/www.marmor-schauz.de\/wp-content\/uploads\/2014\/03\/WP_20140417_004-150x150.jpg 150w, https:\/\/www.marmor-schauz.de\/wp-content\/uploads\/2014\/03\/WP_20140417_004-144x144.jpg 144w\" sizes=\"auto, (max-width: 150px) 100vw, 150px\" \/><\/a> <a href=\"https:\/\/www.marmor-schauz.de\/wp-content\/uploads\/2014\/03\/WP_20140417_005.jpg\" rel=\"rel=\u201dlightbox[uniqueID|filename]\u201d\"><img loading=\"lazy\" decoding=\"async\" class=\"alignnone wp-image-205 size-thumbnail\" src=\"https:\/\/www.marmor-schauz.de\/wp-content\/uploads\/2014\/03\/WP_20140417_005-150x150.jpg\" alt=\"WP_20140417_005\" width=\"150\" height=\"150\" srcset=\"https:\/\/www.marmor-schauz.de\/wp-content\/uploads\/2014\/03\/WP_20140417_005-150x150.jpg 150w, https:\/\/www.marmor-schauz.de\/wp-content\/uploads\/2014\/03\/WP_20140417_005-144x144.jpg 144w\" sizes=\"auto, (max-width: 150px) 100vw, 150px\" \/><\/a> <a href=\"https:\/\/www.marmor-schauz.de\/wp-content\/uploads\/2014\/03\/WP_20140417_006.jpg\" rel=\"rel=\u201dlightbox[uniqueID|filename]\u201d\"><img loading=\"lazy\" decoding=\"async\" class=\"alignnone wp-image-206 size-thumbnail\" src=\"https:\/\/www.marmor-schauz.de\/wp-content\/uploads\/2014\/03\/WP_20140417_006-150x150.jpg\" alt=\"WP_20140417_006\" width=\"150\" height=\"150\" srcset=\"https:\/\/www.marmor-schauz.de\/wp-content\/uploads\/2014\/03\/WP_20140417_006-150x150.jpg 150w, https:\/\/www.marmor-schauz.de\/wp-content\/uploads\/2014\/03\/WP_20140417_006-144x144.jpg 144w\" sizes=\"auto, (max-width: 150px) 100vw, 150px\" \/><\/a> <a href=\"https:\/\/www.marmor-schauz.de\/wp-content\/uploads\/2014\/04\/WP_20140325_001.jpg\" rel=\"rel=\u201dlightbox[uniqueID|filename]\u201d\"><img loading=\"lazy\" decoding=\"async\" class=\"alignnone wp-image-176 size-thumbnail\" src=\"https:\/\/www.marmor-schauz.de\/wp-content\/uploads\/2014\/04\/WP_20140325_001-150x150.jpg\" alt=\"WP_20140325_001\" width=\"150\" height=\"150\" srcset=\"https:\/\/www.marmor-schauz.de\/wp-content\/uploads\/2014\/04\/WP_20140325_001-150x150.jpg 150w, https:\/\/www.marmor-schauz.de\/wp-content\/uploads\/2014\/04\/WP_20140325_001-144x144.jpg 144w\" sizes=\"auto, (max-width: 150px) 100vw, 150px\" \/><\/a> <a href=\"https:\/\/www.marmor-schauz.de\/wp-content\/uploads\/2014\/04\/2013-03-27-389.jpg\" rel=\"rel=\u201dlightbox[uniqueID|filename]\u201d\"><img loading=\"lazy\" decoding=\"async\" class=\"alignnone wp-image-175 size-thumbnail\" src=\"https:\/\/www.marmor-schauz.de\/wp-content\/uploads\/2014\/04\/2013-03-27-389-150x150.jpg\" alt=\"2013-03-27-389\" width=\"150\" height=\"150\" srcset=\"https:\/\/www.marmor-schauz.de\/wp-content\/uploads\/2014\/04\/2013-03-27-389-150x150.jpg 150w, https:\/\/www.marmor-schauz.de\/wp-content\/uploads\/2014\/04\/2013-03-27-389-144x144.jpg 144w\" sizes=\"auto, (max-width: 150px) 100vw, 150px\" \/><\/a> <a href=\"https:\/\/www.marmor-schauz.de\/wp-content\/uploads\/2014\/04\/IMG_0937.jpg\" rel=\"rel=\u201dlightbox[uniqueID|filename]\u201d\"><img loading=\"lazy\" decoding=\"async\" class=\"alignnone wp-image-170 size-thumbnail\" src=\"https:\/\/www.marmor-schauz.de\/wp-content\/uploads\/2014\/04\/IMG_0937-150x150.jpg\" alt=\"IMG_0937\" width=\"150\" height=\"150\" srcset=\"https:\/\/www.marmor-schauz.de\/wp-content\/uploads\/2014\/04\/IMG_0937-150x150.jpg 150w, https:\/\/www.marmor-schauz.de\/wp-content\/uploads\/2014\/04\/IMG_0937-144x144.jpg 144w\" sizes=\"auto, (max-width: 150px) 100vw, 150px\" \/><\/a> <a href=\"https:\/\/www.marmor-schauz.de\/wp-content\/uploads\/2014\/04\/IMG_0882.jpg\" rel=\"rel=\u201dlightbox[uniqueID|filename]\u201d\"><img loading=\"lazy\" decoding=\"async\" class=\"alignnone wp-image-164 size-thumbnail\" src=\"https:\/\/www.marmor-schauz.de\/wp-content\/uploads\/2014\/04\/IMG_0882-150x150.jpg\" alt=\"IMG_0882\" width=\"150\" height=\"150\" srcset=\"https:\/\/www.marmor-schauz.de\/wp-content\/uploads\/2014\/04\/IMG_0882-150x150.jpg 150w, https:\/\/www.marmor-schauz.de\/wp-content\/uploads\/2014\/04\/IMG_0882-144x144.jpg 144w\" sizes=\"auto, (max-width: 150px) 100vw, 150px\" \/><\/a> <a href=\"https:\/\/www.marmor-schauz.de\/wp-content\/uploads\/2014\/04\/IMG_0880.jpg\" rel=\"rel=\u201dlightbox[uniqueID|filename]\u201d\"><img loading=\"lazy\" decoding=\"async\" class=\"alignnone wp-image-163 size-thumbnail\" src=\"https:\/\/www.marmor-schauz.de\/wp-content\/uploads\/2014\/04\/IMG_0880-150x150.jpg\" alt=\"IMG_0880\" width=\"150\" height=\"150\" srcset=\"https:\/\/www.marmor-schauz.de\/wp-content\/uploads\/2014\/04\/IMG_0880-150x150.jpg 150w, https:\/\/www.marmor-schauz.de\/wp-content\/uploads\/2014\/04\/IMG_0880-144x144.jpg 144w\" sizes=\"auto, (max-width: 150px) 100vw, 150px\" \/><\/a> <a href=\"https:\/\/www.marmor-schauz.de\/wp-content\/uploads\/2014\/04\/IMG_0889.jpg\" rel=\"rel=\u201dlightbox[uniqueID|filename]\u201d\"><img loading=\"lazy\" decoding=\"async\" class=\"alignnone wp-image-165 size-thumbnail\" src=\"https:\/\/www.marmor-schauz.de\/wp-content\/uploads\/2014\/04\/IMG_0889-150x150.jpg\" alt=\"IMG_0889\" width=\"150\" height=\"150\" srcset=\"https:\/\/www.marmor-schauz.de\/wp-content\/uploads\/2014\/04\/IMG_0889-150x150.jpg 150w, https:\/\/www.marmor-schauz.de\/wp-content\/uploads\/2014\/04\/IMG_0889-144x144.jpg 144w\" sizes=\"auto, (max-width: 150px) 100vw, 150px\" \/><\/a> <a href=\"https:\/\/www.marmor-schauz.de\/wp-content\/uploads\/2014\/04\/IMG_0893.jpg\" rel=\"rel=\u201dlightbox[uniqueID|filename]\u201d\"><img loading=\"lazy\" decoding=\"async\" class=\"alignnone wp-image-166 size-thumbnail\" src=\"https:\/\/www.marmor-schauz.de\/wp-content\/uploads\/2014\/04\/IMG_0893-150x150.jpg\" alt=\"IMG_0893\" width=\"150\" height=\"150\" srcset=\"https:\/\/www.marmor-schauz.de\/wp-content\/uploads\/2014\/04\/IMG_0893-150x150.jpg 150w, https:\/\/www.marmor-schauz.de\/wp-content\/uploads\/2014\/04\/IMG_0893-144x144.jpg 144w\" sizes=\"auto, (max-width: 150px) 100vw, 150px\" \/><\/a> <a href=\"https:\/\/www.marmor-schauz.de\/wp-content\/uploads\/2014\/04\/IMG_0904.jpg\" rel=\"rel=\u201dlightbox[uniqueID|filename]\u201d\"><img loading=\"lazy\" decoding=\"async\" class=\"alignnone wp-image-167 size-thumbnail\" src=\"https:\/\/www.marmor-schauz.de\/wp-content\/uploads\/2014\/04\/IMG_0904-150x150.jpg\" alt=\"IMG_0904\" width=\"150\" height=\"150\" srcset=\"https:\/\/www.marmor-schauz.de\/wp-content\/uploads\/2014\/04\/IMG_0904-150x150.jpg 150w, https:\/\/www.marmor-schauz.de\/wp-content\/uploads\/2014\/04\/IMG_0904-144x144.jpg 144w\" sizes=\"auto, (max-width: 150px) 100vw, 150px\" \/><\/a>\u00a0 <a href=\"https:\/\/www.marmor-schauz.de\/wp-content\/uploads\/2014\/03\/grabstein3.jpg\" rel=\"rel=\u201dlightbox[uniqueID|filename]\u201d\"><img loading=\"lazy\" decoding=\"async\" class=\"alignnone wp-image-139 size-thumbnail\" src=\"https:\/\/www.marmor-schauz.de\/wp-content\/uploads\/2014\/03\/grabstein3-150x150.jpg\" alt=\"grabstein3\" width=\"150\" height=\"150\" srcset=\"https:\/\/www.marmor-schauz.de\/wp-content\/uploads\/2014\/03\/grabstein3-150x150.jpg 150w, https:\/\/www.marmor-schauz.de\/wp-content\/uploads\/2014\/03\/grabstein3-144x144.jpg 144w\" sizes=\"auto, (max-width: 150px) 100vw, 150px\" \/><\/a> <a href=\"https:\/\/www.marmor-schauz.de\/wp-content\/uploads\/2014\/03\/grabstein4.jpg\" rel=\"rel=\u201dlightbox[uniqueID|filename]\u201d\"><img loading=\"lazy\" decoding=\"async\" class=\"alignnone wp-image-140 size-thumbnail\" src=\"https:\/\/www.marmor-schauz.de\/wp-content\/uploads\/2014\/03\/grabstein4-150x150.jpg\" alt=\"grabstein4\" width=\"150\" height=\"150\" srcset=\"https:\/\/www.marmor-schauz.de\/wp-content\/uploads\/2014\/03\/grabstein4-150x150.jpg 150w, https:\/\/www.marmor-schauz.de\/wp-content\/uploads\/2014\/03\/grabstein4-144x144.jpg 144w\" sizes=\"auto, (max-width: 150px) 100vw, 150px\" \/><\/a> <a href=\"https:\/\/www.marmor-schauz.de\/wp-content\/uploads\/2014\/03\/grabstein2.jpg\" rel=\"rel=\u201dlightbox[uniqueID|filename]\u201d\"><img loading=\"lazy\" decoding=\"async\" class=\"alignnone wp-image-138 size-thumbnail\" src=\"https:\/\/www.marmor-schauz.de\/wp-content\/uploads\/2014\/03\/grabstein2-150x150.jpg\" alt=\"grabstein2\" width=\"150\" height=\"150\" srcset=\"https:\/\/www.marmor-schauz.de\/wp-content\/uploads\/2014\/03\/grabstein2-150x150.jpg 150w, https:\/\/www.marmor-schauz.de\/wp-content\/uploads\/2014\/03\/grabstein2-144x144.jpg 144w\" sizes=\"auto, (max-width: 150px) 100vw, 150px\" \/><\/a> <a href=\"https:\/\/www.marmor-schauz.de\/wp-content\/uploads\/2014\/03\/grabstein1.jpg\" rel=\"rel=\u201dlightbox[uniqueID|filename]\u201d\"><img loading=\"lazy\" decoding=\"async\" class=\"alignnone wp-image-137 size-thumbnail\" src=\"https:\/\/www.marmor-schauz.de\/wp-content\/uploads\/2014\/03\/grabstein1-150x150.jpg\" alt=\"grabstein1\" width=\"150\" height=\"150\" srcset=\"https:\/\/www.marmor-schauz.de\/wp-content\/uploads\/2014\/03\/grabstein1-150x150.jpg 150w, https:\/\/www.marmor-schauz.de\/wp-content\/uploads\/2014\/03\/grabstein1-144x144.jpg 144w\" sizes=\"auto, (max-width: 150px) 100vw, 150px\" \/><\/a> <a href=\"https:\/\/www.marmor-schauz.de\/wp-content\/uploads\/2014\/03\/show4.jpg\" rel=\"rel=\u201dlightbox[uniqueID|filename]\u201d\"><img loading=\"lazy\" decoding=\"async\" class=\"alignnone wp-image-105 size-thumbnail\" src=\"https:\/\/www.marmor-schauz.de\/wp-content\/uploads\/2014\/03\/show4-150x150.jpg\" alt=\"show4\" width=\"150\" height=\"150\" srcset=\"https:\/\/www.marmor-schauz.de\/wp-content\/uploads\/2014\/03\/show4-150x150.jpg 150w, https:\/\/www.marmor-schauz.de\/wp-content\/uploads\/2014\/03\/show4-144x144.jpg 144w\" sizes=\"auto, (max-width: 150px) 100vw, 150px\" \/><\/a> <a href=\"https:\/\/www.marmor-schauz.de\/wp-content\/uploads\/2014\/04\/IMG_0836.jpg\" rel=\"rel=\u201dlightbox[uniqueID|filename]\u201d\"><img loading=\"lazy\" decoding=\"async\" class=\"alignnone wp-image-173 size-thumbnail\" src=\"https:\/\/www.marmor-schauz.de\/wp-content\/uploads\/2014\/04\/IMG_0836-150x150.jpg\" alt=\"IMG_0836\" width=\"150\" height=\"150\" srcset=\"https:\/\/www.marmor-schauz.de\/wp-content\/uploads\/2014\/04\/IMG_0836-150x150.jpg 150w, https:\/\/www.marmor-schauz.de\/wp-content\/uploads\/2014\/04\/IMG_0836-144x144.jpg 144w\" sizes=\"auto, (max-width: 150px) 100vw, 150px\" \/><\/a> <a href=\"https:\/\/www.marmor-schauz.de\/wp-content\/uploads\/2014\/04\/IMG_0807.jpg\" rel=\"rel=\u201dlightbox[uniqueID|filename]\u201d\"><img loading=\"lazy\" decoding=\"async\" class=\"alignnone wp-image-172 size-thumbnail\" src=\"https:\/\/www.marmor-schauz.de\/wp-content\/uploads\/2014\/04\/IMG_0807-150x150.jpg\" alt=\"IMG_0807\" width=\"150\" height=\"150\" srcset=\"https:\/\/www.marmor-schauz.de\/wp-content\/uploads\/2014\/04\/IMG_0807-150x150.jpg 150w, https:\/\/www.marmor-schauz.de\/wp-content\/uploads\/2014\/04\/IMG_0807-144x144.jpg 144w\" sizes=\"auto, (max-width: 150px) 100vw, 150px\" \/><\/a><\/p>\n","protected":false},"excerpt":{"rendered":"<p>Wir finden f\u00fcr Sie zusammen das perfekte Grabmal f\u00fcr ihre Verstorbenen. \u00dcber 80 verschiedene Steine warten in unserer Ausstellung auf sie. Es sind so viele verschiedene Formen und Farben m\u00f6glich, dass das eigene Lager nie gro\u00df genug sein kann weshalb<\/p>\n","protected":false},"author":3,"featured_media":0,"parent":0,"menu_order":0,"comment_status":"closed","ping_status":"closed","template":"","meta":{"_vp_format_video_url":"","_vp_image_focal_point":[],"footnotes":""},"class_list":["post-58","page","type-page","status-publish","hentry"],"_links":{"self":[{"href":"https:\/\/www.marmor-schauz.de\/index.php?rest_route=\/wp\/v2\/pages\/58","targetHints":{"allow":["GET"]}}],"collection":[{"href":"https:\/\/www.marmor-schauz.de\/index.php?rest_route=\/wp\/v2\/pages"}],"about":[{"href":"https:\/\/www.marmor-schauz.de\/index.php?rest_route=\/wp\/v2\/types\/page"}],"author":[{"embeddable":true,"href":"https:\/\/www.marmor-schauz.de\/index.php?rest_route=\/wp\/v2\/users\/3"}],"replies":[{"embeddable":true,"href":"https:\/\/www.marmor-schauz.de\/index.php?rest_route=%2Fwp%2Fv2%2Fcomments&post=58"}],"version-history":[{"count":22,"href":"https:\/\/www.marmor-schauz.de\/index.php?rest_route=\/wp\/v2\/pages\/58\/revisions"}],"predecessor-version":[{"id":922,"href":"https:\/\/www.marmor-schauz.de\/index.php?rest_route=\/wp\/v2\/pages\/58\/revisions\/922"}],"wp:attachment":[{"href":"https:\/\/www.marmor-schauz.de\/index.php?rest_route=%2Fwp%2Fv2%2Fmedia&parent=58"}],"curies":[{"name":"wp","href":"https:\/\/api.w.org\/{rel}","templated":true}]}}